2 + 8 = 0. Give p(w).
-7
Let q(g) be the second derivative of 1/6*g**3 + 0 - 11/2*g**2 - 3*g. What is q(7)?
-4
Let v = 0 - 2. Let q(m) = -4*m**2 + 6 + 6*m - 4*m**2 - 3*m**3 + 14*m**2. Let h(t) = t**3 - 3*t**2 - 3*t - 3. Let y(b) = 5*h(b) + 2*q(b). Give y(v).
-1
Let d(n) = n**3 - 4*n**2 - 5*n + 4. Let t be d(5). Let p(h) be the first derivative of h**2 + 2*h - 10. Determine p(t).
10
Let z = -11 + 6. Let p(c) be the third derivative of -1/10*c**5 - 7/24*c**4 + 2*c**2 + 0 + 0*c - 2/3*c**3 - 1/120*c**6. Determine p(z).
6
Let x(y) = -y - 1. Suppose -5*c - 21 + 9 = j, 5*c + 6 = 2*j. Give x(j).
1
Let j(q) = -2*q - 2. Let f be j(-2). Suppose -14 = f*l - 2. Let y(x) = x**3 + 6*x**2 - 8. What is y(l)?
-8
Let d(c) = -2*c + 8. Let g be d(6). Let v(x) = 6*x - x + 6 + 2*x**2 + 2*x. What is v(g)?
10
Let d(h) = -5*h. Let s(c) = -119*c. Let g(p) = -49*d(p) + 2*s(p). Suppose 2*z = 4, 6*z = m + 5*z + 1. What is g(m)?
7
Let l(i) = -i**2 + 6*i - 1. Let j be 1 + (6 + -1)*-1. Let k(x) = -2*x - 6. Let a be k(j). Let f be (a*5 - 0)/2. Give l(f).
4
Suppose -d = -2 + 1. Let u(q) = -3 + d + 2*q + 2 - 1. What is u(-2)?
-5
Suppose -7 = -3*b + 5. Let p(d) = -5*d**2 - 4*d + 10. Let t(i) = -i**2 + 1. Let n(s) = p(s) - 6*t(s). Calculate n(b).
4
Suppose -6 = -3*z - 3*j + 8*j, 2*j + 8 = 4*z. Let v(x) = x**2 + 3*x**2 - 3*x**z. Let k be (-2)/(-6) + (-1)/3. What is v(k)?
0
Let p(k) = -9*k**3 - k**3 - 4*k**2 - 6 + 4*k + 5*k**3 + 6*k**3. Suppose 2*l + 24 = 4*l. Suppose 4*c = c - 3*j + 6, 2*j - l = -4*c. Calculate p(c).
10
Suppose 15 = 5*x - 5*c, 0*x + 3*c + 5 = 2*x. Let v(g) be the third derivative of -1/6*g**3 + 0 - 1/4*g**4 + 0*g - x*g**2. Calculate v(-1).
5
Let x be ((-45)/10 - 3)*(-4)/(-6). Let l(b) = -b**2 - 6*b - 3. What is l(x)?
2
Let j(t) be the second derivative of -1/3*t**3 + t + 1/20*t**5 + 0*t**4 + 0 + 0*t**2. What is j(-2)?
-4
Let m(b) = 3*b**2 + 2*b**2 - 4*b**2 - 3*b - 3*b**2 + 2*b**3 + 3. Determine m(2).
5
Let m(z) = 27*z**2 - z**3 - 2*z + 3 - 4*z - 22*z**2. What is m(4)?
-5
Let m(j) = -j**2 - 5*j + 6. Let z(p) = 2*p**2 + 10*p - 11. Let n(d) = d + 11. Let l be n(-7). Let h(y) = l*z(y) + 7*m(y). Give h(-4).
-6
Let g(v) = v**3 + 7*v**2 + 9*v + 11. Let z(u) be the first derivative of -u**4/2 - 14*u**3/3 - 9*u**2 - 23*u - 1. Let j(l) = 5*g(l) + 2*z(l). Give j(-6).
-9
Let v(i) be the second derivative of i**2 + 9*i + 1/12*i**4 + 7/6*i**3 + 0. Determine v(-7).
2
Suppose f - 5*f = 0. Suppose 0*t + 2*t - 4 = f. Let k(v) = 2 + 4*v - v - 1 + v**t. Give k(-2).
-1
Let k(g) = 2*g**2 - 2*g - 1. Let a = -7 - -11. Suppose 3*j = j + a. Calculate k(j).
3
Suppose d - 3*s + 14 = 0, 2*s + 4 - 30 = 4*d. Let k(b) = -7*b**2 + 5*b**2 - b**3 + 7 - 3*b - 4*b**2. Determine k(d).
-3
Let r be ((-1)/2)/(1/(-16)). Let q = 10 - r. Let o(y) = -1. Let i(f) = f + 3. Let a(v) = -i(v) - o(v). Determine a(q).
-4
Let r(c) = -c**2 - 2. Let t be (-9)/21*(3 + -10). Let u be t - 0/(-3) - 0. What is r(u)?
-11
Suppose -n = -2 - 2. Let z(t) be the second derivative of -t**5/20 + t**4/3 - 2*t**2 + t. Determine z(n).
-4
Let s(n) = 5*n**3 - n**2. Suppose -4*j + 7*j + 9 = -r, 5*r = -15. Let b be j/6 + 4/3. Give s(b).
4
Suppose -7 - 5 = 3*i. Let o(s) = 5*s + 2. What is o(i)?
-18
Let m(v) = 2*v + 17. Let f(w) = w + 9. Let g(h) = -5*f(h) + 2*m(h). Let x be g(-8). Let t(q) = -q + 4. Give t(x).
7
Let h(i) = -3*i - 3. Let r = 19 - 21. What is h(r)?
3
Let l(c) = c. Let i(k) = -k**3 - 5*k**2 - k - 5. Let y be i(-5). Let g be 105/6*(-8)/(-10). Suppose -5*s + g = -3*a - 20, y = s - 2*a - 11. Calculate l(s).
5
Let l = -25 - -20. Let m(y) = -3*y + 3*y - 2*y + 6 + 4*y. Calculate m(l).
-4
Suppose 0 = l + 1 + 2. Suppose 0*c + 2*c - 8 = 0. Let f(b) = -3*b - 1 + c*b + 0. What is f(l)?
-4
Let j(t) = -1. Let s(p) = p + 3. Let h be s(-2). Let b(k) = -h + 10*k - 7*k - 4*k. Let l(d) = 2*b(d) - 3*j(d). Calculate l(-1).
3
Let n(l) = 5*l**3 - 36*l**2 + 11*l - 14. Let o(g) = -g**3 + 7*g**2 - 2*g + 3. Suppose 0 = -4*i - 2 - 6. Let c(w) = i*n(w) - 11*o(w). Calculate c(5).
-5
Let q(z) = -2*z + 6. Suppose 3*o = -2*o + 30. Determine q(o).
-6
Let q(u) be the first derivative of 3*u**2/2 - u - 10. Calculate q(-3).
-10
Let s = -6 + 7. Let i = -1 - s. Let c(f) = f + 2. Give c(i).
0
Let f(p) = 10*p + 11 + p**3 - 2*p + 4*p**2 + p + 5*p**2. Give f(-8).
3
Suppose -3*k = -0*k - 12. Let h(d) = 3*d**3 + 0*d**3 + 0*d**3 - 5 - 3*d**2 - 3*d - 2*d**3. Determine h(k).
-1
Let l(r) = -r + 1. Suppose 0 = -3*n - 26 + 8. Calculate l(n).
7
Let q(g) = -g**3 - g**2 - 3*g - 1. Suppose -3 = 2*p + 1. Give q(p).
9
Let y be 2 - 0 - (-1 + -4). Let c(j) = 2*j + 5*j**2 + 1 - j**3 - y*j + 1. Calculate c(3).
5
Let z = -12 + 9. Let p(j) = j**2 + 3*j + 2. Determine p(z).
2
Let o(g) be the second derivative of -g**4/12 + 3*g**2/2 + g. Suppose 0 = 3*t + 5 - 26. Let w = -10 + t. Give o(w).
-6
Let i(o) = -2*o**2 + 1 + 4*o**2 - 5*o + 3. Determine i(3).
7
Let r(g) = -2*g - 2*g + 117*g**3 - 2 - 6*g**2 - 118*g**3. Calculate r(-5).
-7
Suppose -9 = w + 2*w, 0 = 4*o - 2*w + 2. Let u(x) = 4*x - 1. What is u(o)?
-9
Let f(a) = a**3 + 4*a**2 - 5*a + 5. Let w be (2/4)/((-4)/40). Determine f(w).
5
Let m(c) = c**3 - 16*c**2 + 15*c + 1. Suppose -p + 135 = 8*p. Determine m(p).
1
Let b(z) = -2*z - 4*z**3 - 6*z**3 + 3*z**2 + 2 + 8*z**3. Calculate b(2).
-6
Let s(k) be the first derivative of k**2/2 - 5*k - 1. Let f(q) = q**3 + 11*q**2 + 10*q - 5. Let j be f(-10). Let t be 2*j*4/(-10). What is s(t)?
-1
Let w(i) = 3*i**4 - 5*i**2 - i - 3. Let z(a) = 3*a**4 - 6*a**2 - a - 4. Let r(y) = 7*w(y) - 6*z(y). Let q(d) be the first derivative of r(d). Calculate q(1).
13
Let r = -12 + 19. Let p(y) = 6*y - 2. Let m(l) = 5*l - 3. Let k(n) = r*m(n) - 6*p(n). Suppose 0 = 4*s + 2*h + 18, -h + 14 = -4*s - 1. What is k(s)?
-5
Suppose -i + 5*i = -4. Let l(v) = 17*v**3 + 2*v**2 - 1. What is l(i)?
-16
Let k = 25 + -27. Let g(n) = 7*n**3 + 3*n**2 - 11*n + 3. Let p(z) = 3*z**3 + z**2 - 5*z + 1. Let o(h) = 2*g(h) - 5*p(h). Give o(k).
7
Suppose v = 5*v + 5*o + 57, -5*o = 25. Let g(k) = -k - 5. Give g(v).
3
Let b(n) = -503 + 4*n - 3*n + 491. Let v = 12 + -6. Give b(v).
-6
Let z(c) be the third derivative of c**6/120 - c**5/30 - c**4/12 + c**3/3 - 17*c**2. Give z(2).
-2
Let v(b) = b**3 + 4*b**2 + 2*b + 4. Let t(w) = -w**2 - 11*w + 1. Let r be t(-9). Suppose -r*s + 15*s = 16. What is v(s)?
-4
Let x(h) = h**3 + h**2 + h + 25. Let i be (7/3)/(-7)*0. What is x(i)?
25
Suppose 2*k + 2*k = 2*c + 38, 0 = 5*k + 2*c - 61. Suppose -k*a = -8*a - 9. Let j(x) = 1 - x**2 - 3 + 4. Give j(a).
-7
Let f(t) be the second derivative of 0*t**4 + 0 + 1/3*t**3 + 1/2*t**2 + 3/10*t**5 - 6*t. Give f(-1).
-7
Let f(g) be the first derivative of -3*g**2/2 + g - 12. Suppose 0 = -5*k - 10 - 0. Calculate f(k).
7
Let r(y) be the second derivative of y**5/20 + y**4/3 - 2*y**2 - 9*y. Determine r(-3).
5
Suppose -2*j + 0*j = -12. Let v be (-4)/(-6)*j/1. Let t(s) = s**3 - 4*s**2 - 3. What is t(v)?
-3
Let b(r) = 11*r - 10. Let y(z) = 7*z - 7. Let s(q) = -5*b(q) + 8*y(q). Let m = 8 + -8. Determine s(m).
-6
Let v(k) = -k**3 + 5*k**2 + 7*k - 8. Let f be 8*-1*9/(-12). Suppose -5*s = -l + 51, -4*l = -3*s + 4*s + f. Let b = -4 - s. Determine v(b).
-2
Let u(l) = -2*l - 1. Let n(m) = m**3 + 6*m**2 + 3*m. Let o be n(-4). Let r = 14 - o. Determine u(r).
11
Let g(a) = a. Let d = 8 - 6. What is g(d)?
2
Let n(g) be the third derivative of g**6/120 + g**5/20 + g**4/24 - g**3/2 + 6*g**2. Give n(-3).
-6
Let z(o) = -6*o**2 + o**2 - 1 + 3*o**2 - 2*o - 6*o**3. Determine z(-1).
5
Let y(w) = -3*w**3 - 11*w**2 - 5. Let n(s) = -6*s**3 + 1 + 2 + 3*s**3 + 6*s**2 + 4*s**3. Let j(v) = 5*n(v) + 2*y(v). Calculate j(8).
5
Let i(s) = -s**3 + s**2 + 1. Let c(w) = -4*w**3 - 3*w**2 - 9*w - 2. Let m(o) = -c(o) + 5*i(o). What is m(9)?
7
Let d(k) = -k. Suppose -3*s - 33 = -3*r, 2*r + 8 = -2*s + 10. Calculate d(r).
-6
Let w be (1 + 1)/(1/2). Suppose y + 3*y - 30 = -5*h, -w*y = 0. Suppose 2*j = -j + h. Let z(i) = 3*i - 2. Calculate z(j).
4
Let f(i) = -i**3 + 8*i**2 - 6*i - 10. Suppose -5*z + 55 = 5*o, -2*o + 13 = -z + 3*o. Calculate f(z).
-3
Let v(p) = -p - 5. Let i(m) = -m + 9. Let t be i(-7). Suppose -5*u - 30 = 4*r, -4*u - 8 = 2*r + t. Let l(n) = n + 4. Let c(h) = u*l(h) - 5*v(h). Determine c(2).
-1
Let w(p) = -8*p + 2*p + 2*p + 5*p + 10. Calculate w(-12).
-2
Let o(x) = 2*x. Let v be (-3)/6*(-2)/1. Let r